q = -752. What are the prime factors of o?
2, 61
Let b be ((-108)/30)/(1/(-45)). Suppose -458 - b = -10*d. What are the prime factors of d?
2, 31
Let v = -16 - -73. List the prime factors of v.
3, 19
Let d = -2347 + 5598. What are the prime factors of d?
3251
Suppose -489*o + 496*o - 2415 = 0. List the prime factors of o.
3, 5, 23
List the prime factors of ((-6600)/350)/((-4)/616).
2, 3, 11
What are the prime factors of (21 - -2)*(-45 - -91)?
2, 23
Suppose 39*r - 51*r = -7044. What are the prime factors of r?
587
Suppose -5*o + 345 = 3*s - 1712, -2737 = -4*s - o. List the prime factors of s.
2, 3, 19
Let n(r) = 9*r + 12. Let l(x) = x - 1. Let s(p) = 2*l(p) + n(p). Let v(w) = 10*w + 9. Let g(o) = -2*s(o) + 3*v(o). What are the prime factors of g(9)?
79
Let w(d) = -2*d**3 - 16*d**2 - 9*d + 45. Let f(k) = k**3 + 8*k**2 + 5*k - 23. Let y(s) = -11*f(s) - 6*w(s). List the prime factors of y(-7).
3, 13
Suppose 3*h = -2*t - h + 210, -t + 5*h + 112 = 0. List the prime factors of t.
107
Suppose -2*u + u = -27. Suppose -2*a - 3*m = u, m + 35 = -a - 4*a. List the prime factors of 3/6 + (-69)/a.
2, 3
Suppose 0 = 3*u - 2*u + 3. What are the prime factors of (2/u*7)/(10/(-165))?
7, 11
Let n(i) = -8*i + 150. List the prime factors of n(-19).
2, 151
Suppose 446*j = 439*j + 14364. List the prime factors of j.
2, 3, 19
Let v = -3 + 5. Suppose -4*k = -k - v*i - 49, -5*k = -i - 77. Let w = k - 6. List the prime factors of w.
3
Suppose 0 = -8*m - 4*m + 3888. Suppose 2*v - 7*v = 4*k - m, -133 = -2*v - 5*k. List the prime factors of v.
2
What are the prime factors of 1/5 - 6/((-180)/46374)?
2, 773
Let o be (45/(-18))/((-1)/6). Suppose -4*m + m = -o. Suppose -h = m*h - 60. What are the prime factors of h?
2, 5
Let i(k) = -2*k**3 - 4*k - 7. Let t be i(-5). Let f = -175 + t. Suppose -5*s - 2*m + 94 + 147 = 0, -2*m = -2*s + f. List the prime factors of s.
47
Let o(n) be the first derivative of 2*n**3/3 + 3*n**2/2 - 10*n + 5. List the prime factors of o(4).
2, 17
Suppose a + 3*s + 0*s = 486, 3*a + 2*s = 1423. What are the prime factors of a?
3, 157
Suppose -8 = 2*s + 2*s. Let b(k) = -3*k**2 + 1. Let u(p) = -p**2. Let a(n) = 2*b(n) - 10*u(n). List the prime factors of a(s).
2, 3
Let h(y) = 13*y**2 + 2*y + 3. Let a be h(5). Suppose a + 492 = 5*q. Suppose 97 = 3*c - s, 3*s + q = 5*c + 7. List the prime factors of c.
3, 11
Suppose -50*n + 7706 = -4494. List the prime factors of n.
2, 61
Let u be 5 + 0 - 3 - -1*3. What are the prime factors of (-2)/(-3 - -2)*u/5?
2
Suppose 4*q + 165 = -q. What are the prime factors of (-6)/q - 9840/(-88)?
2, 7
Let k(j) = 2*j**2 + 2. Let c be k(3). Suppose -25 = -5*g + c. What are the prime factors of g?
3
Suppose 4 = 2*v + 3*d + 3, 4*v + 3*d - 5 = 0. Suppose w = -v*w + 105. List the prime factors of w.
5, 7
Let i = -1521 - -2372. What are the prime factors of i?
23, 37
Let s(h) = h**3 - h**2 - 25. Let y be s(0). What are the prime factors of y*((-20)/(-2))/(-5)?
2, 5
Suppose -109 + 4 = -5*x - 5*h, h = 2*x - 39. Suppose 7*o - x = 407. What are the prime factors of o?
61
Let p = -44 - -47. Suppose 2*d + 143 = p*x, -2 = -2*x - 2*d + 80. What are the prime factors of x?
3, 5
Suppose r + 3863 = 3*m + 6*r, -8 = 4*r. List the prime factors of m.
1291
Let h = -64 - -107. Let p = h + -19. What are the prime factors of p?
2, 3
What are the prime factors of (-132 + 123)/(6/(-3158))?
3, 1579
Suppose 3*l - 8*t + 3*t - 8033 = 0, 5*l - 2*t = 13382. List the prime factors of l.
2, 3, 223
Let k(l) = 15*l**2 + 2. Let m be k(2). Let f = 11 + m. List the prime factors of f.
73
Let r(t) = 53*t**2 - 12*t - 14. What are the prime factors of r(-3)?
499
Let m(z) = -z**2 - z + 6. Let a be m(0). Let u be a*(-4 + 12)/4. Suppose 3*w - 2*d = 50, 0*d - u = 3*d. What are the prime factors of w?
2, 7
Suppose -58*r = 36*r - 194298. What are the prime factors of r?
3, 13, 53
Let d = -1134 + 1669. List the prime factors of d.
5, 107
Suppose 31*s - 11*s - 11860 = 0. What are the prime factors of s?
593
Let l = -20 - -36. What are the prime factors of -14*2/l*-4?
7
Let i = 11 - 14. Let w = 2 - i. Suppose 0 = -w*t + 89 + 66. List the prime factors of t.
31
Let b = 140 + 272. What are the prime factors of b?
2, 103
Suppose 5*l + 5 = 35. Suppose j - 116 = 2*u, j + 610 = l*j - 4*u. What are the prime factors of j?
2, 3, 7
Let i(c) = 3*c**3 + c**2 + 2*c + 3. Let r(g) = -g - 10. Let m be r(-8). Let w be i(m). List the prime factors of w/14 + 49/2.
23
Let h(n) = -n + 0 - 7 + 0*n + 3*n + n**2. Let j be ((-32)/12)/(2/6). What are the prime factors of h(j)?
41
Let s be ((5 + -3)/2)/((-1)/3). Suppose -4*n + 26 = -66. Let u = n + s. List the prime factors of u.
2, 5
Suppose 0 = 4*x - 12. Suppose -2*l + 1 = -x. Suppose v + l*p + 0 = -1, 4 = 2*v + 2*p. List the prime factors of v.
5
Suppose -14*w = -12*w - 2. Let i be ((4 - 5) + w)/1. Suppose s = -i*s + 48. List the prime factors of s.
2, 3
Let a = -47 - -60. What are the prime factors of a/(-39) - (-116)/6?
19
Suppose -u - c = 112, -u - 3*c = -4*u - 336. Suppose 3*s + 4*v - 3 = 2, 2*s + v = 0. What are the prime factors of (s - u)*(-10)/(-30)?
37
Suppose -4*d = w + 16, -4*w + 3*w + 20 = -5*d. Suppose -5*c - l = -401, 3*l + 317 = -w*c + 4*c. List the prime factors of c.
2, 5
Let t be -471 + 0 + (-36)/(-18). Let c = t - -754. What are the prime factors of c?
3, 5, 19
Suppose 103*m = 108*m - 370. What are the prime factors of m?
2, 37
Suppose -30 = -5*i - 8*v + 4*v, 3*v + 24 = 4*i. What are the prime factors of i?
2, 3
Let k(t) = -t**3 + 7*t**2. Let w be k(5). Suppose 2*b = -l - 0*b + w, 0 = b - 2. Suppose -l = 3*o - 139. List the prime factors of o.
31
Let a(y) = -y + 19. Suppose 13 = 4*v - 7. Suppose v*q - q - 4*o - 68 = 0, -3*q + o + 43 = 0. What are the prime factors of a(q)?
2, 3
Let i(w) = 30*w - 161. What are the prime factors of i(20)?
439
Let z = 624 + -190. What are the prime factors of z?
2, 7, 31
Suppose 1292 = 5*z - b, -2*z + b + 82 = -433. List the prime factors of z.
7, 37
Suppose 0 = -2*q + 8, -3*q + 81 - 213 = -3*b. Suppose -6*h - b = -5*h. Let m = h + 71. What are the prime factors of m?
23
Let p = -18 - -22. Suppose 80 = s + 5*q, -s = 4*s + p*q - 337. Suppose 4*j = -j + s. What are the prime factors of j?
13
Let t = 11 - 11. Suppose 6*k - 2*a - 22 = k, t = -5*k + 5*a + 25. Suppose 2*s + 65 = 3*m + s, k*m - 93 = -5*s. What are the prime factors of m?
2, 11
Let s(t) = 7*t**2 + 177*t - 38. Let b be s(-26). Let y = -15 + 28. Suppose 3*j = b + y. List the prime factors of j.
5, 7
Suppose -3*k = -2 - 4. Suppose 3*s = k*f, 4*f - 2*s = 3*s + 2. Let q(n) = 6*n + 2. What are the prime factors of q(f)?
2, 5
Let x be (4/(-12))/((-3)/18). Suppose -x*r + r = -2. Suppose 82 = -r*g + 4*g. List the prime factors of g.
41
Let u be 4/(-12) - 3*(-2)/(-9). Let c(p) = 29*p**2 + 5*p + 5. List the prime factors of c(u).
29
Let o(c) = 795*c - 14. What are the prime factors of o(1)?
11, 71
Suppose w = -3*m + 2414, 2*w = 36*m - 37*m + 4853. List the prime factors of w.
7, 347
Suppose 0 = 4*x + 1671 - 239. Let o = x - -529. List the prime factors of o.
3, 19
Suppose -3*w + 89 = -3*d - 2*d, 5*w = 2*d + 28. List the prime factors of 3*4*(d + 30).
2, 3, 11
Let z(q) = -q**3 + 20*q**2 - q - 33. List the prime factors of z(19).
3, 103
Let h(a) = -a**3 + 11*a**2 + 13*a - 12. Let v be h(12). Suppose -x - 3*b + 27 = v, 4*b - 117 - 7 = -4*x. List the prime factors of x.
3, 11
What are the prime factors of (-7 - 85/(-15))/(4/(-2262))?
2, 13, 29
Let s = -257 - -1237. List the prime factors of s.
2, 5, 7
Let y(r) = 4*r - 3. Suppose o - 5 - 1 = 0. List the prime factors of y(o).
3, 7
Let i(s) = -18*s**3 + 2*s**2 + s - 1. Let v be (5/(-20))/(2/8). List the prime factors of i(v).
2, 3
Let i = 10 - 10. Suppose i*s - 128 = 4*s. List the prime factors of s/(-12) - (-4)/(-6).
2
Let s = 363 + 497. List the prime factors of 1 + -5 - (-2 + s)/(-3).
2, 3, 47
Suppose 4*c + 757 = o, -c - 371 = c + o. Let t = 358 + c. List the prime factors of t.
2, 5, 17
Let i = -840 - -1585. What are the prime factors of i?
5, 149
Suppose 0 = 3*l + r - 930 - 197, -5*r = 5. What are the prime factors of l?
2, 47
Let g(f) = 2*f + 17. Let a be g(-7). Suppose -3*h + 142 = v, -41 + 487 = a*v - h. List the prime factors of v.
2, 37
Let s be (-1)/(-5) - (-594)/30. Suppose 22*d = s*d + 6. List the p